is the hundreds digit of 2459?
4
What is the thousands digit of 26140?
6
What is the units digit of 80?
0
What is the hundreds digit of 390?
3
What is the tens digit of 1630?
3
What is the tens digit of 263?
6
What is the units digit of 57904?
4
What is the tens digit of 201?
0
What is the tens digit of 4582?
8
What is the tens digit of 7848?
4
What is the units digit of 105726?
6
What is the hundreds digit of 364?
3
What is the units digit of 3917?
7
What is the tens digit of 3831?
3
What is the ten thousands digit of 10820?
1
What is the thousands digit of 3280?
3
What is the ten thousands digit of 36447?
3
What is the hundreds digit of 305?
3
What is the tens digit of 1463?
6
What is the hundreds digit of 5106?
1
What is the hundreds digit of 1679?
6
What is the hundreds digit of 55132?
1
What is the units digit of 697?
7
What is the tens digit of 20737?
3
What is the hundreds digit of 19013?
0
What is the units digit of 2467?
7
What is the units digit of 26?
6
What is the tens digit of 3419?
1
What is the hundreds digit of 4198?
1
What is the units digit of 3374?
4
What is the hundreds digit of 2255?
2
What is the tens digit of 3364?
6
What is the thousands digit of 74723?
4
What is the units digit of 16478?
8
What is the ten thousands digit of 37032?
3
What is the tens digit of 1213?
1
What is the thousands digit of 3083?
3
What is the ten thousands digit of 13584?
1
What is the units digit of 11356?
6
What is the thousands digit of 76970?
6
What is the tens digit of 49?
4
What is the thousands digit of 50850?
0
What is the units digit of 9778?
8
What is the units digit of 1604?
4
What is the hundreds digit of 718?
7
What is the tens digit of 3169?
6
What is the thousands digit of 5027?
5
What is the tens digit of 30102?
0
What is the units digit of 1221?
1
What is the thousands digit of 45903?
5
What is the units digit of 13300?
0
What is the hundreds digit of 3863?
8
What is the tens digit of 2631?
3
What is the hundreds digit of 27713?
7
What is the thousands digit of 6109?
6
What is the tens digit of 5633?
3
What is the thousands digit of 3530?
3
What is the thousands digit of 2320?
2
What is the thousands digit of 50483?
0
What is the units digit of 348?
8
What is the thousands digit of 14606?
4
What is the hundreds digit of 80080?
0
What is the thousands digit of 7157?
7
What is the ten thousands digit of 29132?
2
What is the units digit of 471?
1
What is the hundreds digit of 190?
1
What is the hundreds digit of 2426?
4
What is the tens digit of 374?
7
What is the tens digit of 1478?
7
What is the tens digit of 1040?
4
What is the tens digit of 7975?
7
What is the ten thousands digit of 122549?
2
What is the hundreds digit of 5931?
9
What is the ten thousands digit of 68319?
6
What is the hundreds digit of 14092?
0
What is the thousands digit of 29649?
9
What is the units digit of 34413?
3
What is the hundreds digit of 63572?
5
What is the hundreds digit of 4354?
3
What is the thousands digit of 3426?
3
What is the thousands digit of 25511?
5
What is the units digit of 105?
5
What is the units digit of 7409?
9
What is the ten thousands digit of 17829?
1
What is the units digit of 2277?
7
What is the hundreds digit of 7569?
5
What is the thousands digit of 25020?
5
What is the thousands digit of 62891?
2
What is the hundreds digit of 46763?
7
What is the units digit of 6682?
2
What is the thousands digit of 29928?
9
What is the thousands digit of 1215?
1
What is the hundreds digit of 16010?
0
What is the tens digit of 8183?
8
What is the units digit of 28633?
3
What is the tens digit of 5765?
6
What is the tens digit of 1917?
1
What is the hundreds digit of 868?
8
What is the thousands digit of 1693?
1
What is the thousands digit of 30072?
0
What is the units digit of 317?
7
What is the units digit of 1424?
4
What is the hundreds digit of 40506?
5
What is the hundreds digit of 1328?
3
What is the ten thousands digit of 75654?
7
What is the ten thousands digit of 46502?
4
What is the hundreds digit of 4748?
7
What is the thousands digit of 42965?
2
What is the thousands digit of 21217?
1
What is the hundreds digit of 1366?
3
What is the tens digit of 73?
7
What is the thousands digit of 4574?
4
What is the tens digit of 1269?
6
What is the thousands digit of 3726?
3
What is the thousands digit of 47214?
7
What is the units digit of 19650?
0
What is the tens digit of 97?
9
What is the units digit of 4043?
3
What is the thousands digit of 37571?
7
What is the hundreds digit of 1297?
2
What is the units digit of 5582?
2
What is the units digit of 316?
6
What is the tens digit of 16054?
5
What is the units digit of 961?
1
What is the units digit of 12710?
0
What is the thousands digit of 3835?
3
What is the thousands digit of 23317?
3
What is the units digit of 2616?
6
What is the tens digit of 11266?
6
What is the tens digit of 1038?
3
What is the hundreds digit of 976?
9
What is the hundreds digit of 28807?
8
What is the ten thousands digit of 70217?
7
What is the tens digit of 6774?
7
What is the hundreds digit of 837?
8
What is the ten thousands digit of 19624?
1
What is the thousands digit of 2780?
2
What is the hundreds digit of 818?
8
What is the ten thousands digit of 17086?
1
What is the hundreds digit of 4856?
8
What is the units digit of 73278?
8
What is the hundreds digit of 3475?
4
What is the tens digit of 7905?
0
What is the hundreds digit of 790?
7
What is the thousands digit of 21977?
1
What is the units digit of 61209?
9
What is the ten thousands digit of 26293?
2
What is the units digit of 4860?
0
What is the hundreds digit of 3941?
9
What is the thousands digit of 4555?
4
What is the ten thousands digit of 53540?
5
What is the tens digit of 1373?
7
What is the tens digit of 994?
9
What is the tens digit of 60205?
0
What is the units digit of 10427?
7
What is the units digit of 2227?
7
What is the units digit of 59369?
9
What is the hundreds digit of 31140?
1
What is the tens digit of 126?
2
What is the ten thousands digit of 19481?
1
What is the units digit of 14739?
9
What is the hundreds digit of 6051?
0
What is the units digit of 6323?
3
What is the thousands digit of 4444?
4
What is the thousands digit of 3771?
3
What is the thousands digit of 2330?
2
What is the units digit of 2941?
1
What is the hundred thousands digit of 107826?
1
What is the tens digit of 10936?
3
What is the hundreds digit of 869?
8
What is the units digit of 97?
7
What is the thousands digit of 36127?
6
What is the hundreds digit of 945?
9
What is the tens digit of 966?
6
What is the tens digit of 18?
1
What is the units digit of 29849?
9
What is the units digit of 6323?
3
What is the thousands digit of 4764?
4
What is the ten thousands digit of 46580?
4
What is the ten thousands digit of 37124?
3
What is the thousands digit of 24656?
4
What is the units digit of 8663?
3
What is the thousands digit of 1324?
1
What is the thousands digit of 1337?
1
What is the tens digit of 70180?
8
What is the tens digit of 13306?
0
What is the thousands digit of 7600?
7
What is the tens digit of 3274?
7
What is the hundreds digit of 10054?
0
What is the units digit of 1773?
3
What is the hundreds digit of 309?
3
What is the thousands digit of 1309?
1
What is the tens digit of 7547?
4
What is the hundreds digit of 1173?
1
What is the thousands digit of 87168?
7
What is the units digit of 1895?
5
What is the ten thousands digit of 10072?
1
What is the units digit of 556?
6
What is the ten thousands digit of 109119?
0
What is the units digit of 1362?
2
What is the tens digit of 681?
8
What is the units digit of 697?
7
What is the tens digit of 361?
6
What is the ten thousands digit of 15246?
1
What is the hundreds digit of 9236?
2
What is the ten thousands digit of 13931?
1
What is the thousands digit of 2815?
2
What is the ten thousands digit of 62484?
6
What is the units digit of 1881?
1
What is the units digit of 11360?
0
What is the units digit of 4713?
3
What is the thousands digit of 170840?
0
What is the units digit of 528?
8
What is the thousands digit of 36568?
6
What is the units digit of 647?
7
What is the units digit of 6154?
4
What is the tens digit of 417?
1
What is the tens digit of 4726?
2
What is the units digit of 35227?
7
What is the un